1000 (base 2) to base 12
-8
Convert -91 (base 10) to base 13.
-70
What is -24 (base 10) in base 15?
-19
What is -62 (base 7) in base 11?
-40
What is -1046 (base 7) in base 12?
-275
-1000 (base 2) to base 4
-20
What is 1a (base 16) in base 8?
32
Convert 36 (base 16) to base 4.
312
What is 235 (base 9) in base 13?
11c
13 (base 6) to base 10
9
Convert -8e (base 15) to base 2.
-10000110
Convert -5 (base 12) to base 16.
-5
-185 (base 12) to base 10
-245
4 (base 13) to base 7
4
-b (base 12) to base 7
-14
Convert -52 (base 10) to base 14.
-3a
What is -5 (base 16) in base 12?
-5
Convert -d (base 15) to base 2.
-1101
Convert -10 (base 15) to base 8.
-17
Convert 21 (base 16) to base 13.
27
Convert -1100 (base 2) to base 4.
-30
-2 (base 5) to base 13
-2
What is -31 (base 11) in base 2?
-100010
What is 15 (base 7) in base 8?
14
What is 4 (base 12) in base 2?
100
Convert -6 (base 15) to base 5.
-11
What is 92 (base 11) in base 15?
6b
2c (base 16) to base 14
32
-4 (base 11) to base 16
-4
0 (base 8) to base 11
0
Convert -111021 (base 3) to base 13.
-217
11 (base 8) to base 3
100
Convert 202 (base 3) to base 9.
22
Convert -8c (base 13) to base 10.
-116
What is 101 (base 2) in base 15?
5
Convert 3 (base 10) to base 3.
10
What is 1c (base 16) in base 2?
11100
What is -5 (base 7) in base 5?
-10
-10 (base 5) to base 9
-5
Convert 324 (base 6) to base 8.
174
What is -164 (base 8) in base 9?
-138
What is 10 (base 10) in base 9?
11
11 (base 13) to base 9
15
-13 (base 10) to base 4
-31
Convert 2 (base 6) to base 13.
2
What is 22 (base 3) in base 10?
8
-3 (base 6) to base 14
-3
What is -41 (base 5) in base 12?
-19
Convert -2 (base 11) to base 7.
-2
What is 11001111 (base 2) in base 3?
21200
Convert 7 (base 14) to base 12.
7
20 (base 3) to base 9
6
What is 52 (base 7) in base 14?
29
What is 2 (base 5) in base 8?
2
253 (base 12) to base 6
1343
What is 10010001 (base 2) in base 9?
171
What is -2110 (base 3) in base 7?
-123
What is -82 (base 10) in base 6?
-214
What is 10001 (base 2) in base 6?
25
Convert 416 (base 7) to base 4.
3101
Convert 20 (base 4) to base 5.
13
What is 142 (base 6) in base 8?
76
Convert 51 (base 11) to base 9.
62
What is -3c (base 13) in base 5?
-201
-56 (base 9) to base 12
-43
4 (base 12) to base 14
4
Convert 1100 (base 6) to base 11.
20a
What is 3 (base 11) in base 13?
3
Convert 3 (base 15) to base 16.
3
4 (base 16) to base 8
4
Convert -82 (base 10) to base 3.
-10001
Convert -42 (base 7) to base 10.
-30
Convert 226 (base 11) to base 4.
10032
47 (base 16) to base 14
51
What is 4 (base 8) in base 13?
4
2 (base 4) to base 11
2
What is 1 (base 4) in base 13?
1
What is -5 (base 14) in base 12?
-5
What is 302 (base 4) in base 2?
110010
What is -1 (base 13) in base 6?
-1
Convert 13 (base 8) to base 15.
b
111010 (base 2) to base 14
42
Convert 7 (base 14) to base 5.
12
-3 (base 7) to base 11
-3
-33 (base 6) to base 14
-17
2 (base 13) to base 2
10
110 (base 6) to base 14
30
Convert 3 (base 4) to base 3.
10
19 (base 10) to base 11
18
-46 (base 8) to base 4
-212
Convert 20 (base 3) to base 15.
6
What is 0 (base 14) in base 10?
0
45 (base 15) to base 9
72
2 (base 3) to base 10
2
What is a (base 15) in base 9?
11
What is -16 (base 8) in base 11?
-13
-46 (base 9) to base 4
-222
What is -13 (base 10) in base 16?
-d
What is -23 (base 12) in base 7?
-36
What is -2 (base 16) in base 3?
-2
What is -2 (base 3) in base 8?
-2
What is 4 (base 5) in base 16?
4
What is -6 (base 13) in base 6?
-10
What is -3 (base 15) in base 8?
-3
Convert -2 (base 3) to base 11.
-2
Convert -15 (base 13) to base 12.
-16
7 (base 13) to base 9
7
What is -1 (base 3) in base 13?
-1
Convert -3 (base 14) to base 6.
-3
What is -13 (base 6) in base 15?
-9
Convert 0 (base 5) to base 13.
0
What is 10 (base 7) in base 8?
7
d (base 15) to base 2
1101
What is -1222 (base 3) in base 4?
-311
-23 (base 6) to base 16
-f
-42 (base 6) to base 7
-35
354 (base 6) to base 7
262
Convert 2 (base 9) to base 8.
2
Convert -101 (base 4) to base 8.
-21
Convert 14 (base 5) to base 2.
1001
Convert -21 (base 7) to base 13.
-12
2341 (base 5) to base 14
1aa
Convert -231 (base 4) to base 10.
-45
Convert -214 (base 7) to base 16.
-6d
15 (base 10) to base 7
21
What is -431 (base 8) in base 2?
-100011001
64 (base 7) to base 3
1201
Convert 114 (base 5) to base 6.
54
What is 2e (base 15) in base 8?
54
Convert 2 (base 6) to base 12.
2
Convert 39 (base 10) to base 4.
213
What is 1 (base 6) in base 14?
1
What is 24 (base 11) in base 3?
222
Convert 1 (base 10) to base 4.
1
Convert dc (base 15) to base 5.
1312
What is -1 (base 8) in base 14?
-1
Convert -2 (base 4) to base 15.
-2
13 (base 5) to base 2
1000
-211 (base 3) to base 8
-26
What is 1 (base 5) in base 8?
1
Convert -5 (base 13) to base 12.
-5
What is 4 (base 7) in base 10?
4
0 (base 2) to base 9
0
Convert -3 (base 16) to base 7.
-3
6 (base 10) to base 9
6
-63 (base 8) to base 7
-102
Convert 5 (base 14) to base 13.
5
What is -1042 (base 5) in base 14?
-a7
What is 9 (base 14) in base 8?
11
Convert 59 (base 12) to base 6.
153
Convert -20 (base 15) to base 13.
-24
3 (base 14) to base 4
3
What is -18c (base 16) in base 10?
-396
Convert 5 (base 12) to base 5.
10
Convert -112 (base 5) to base 14.
-24
-2 (base 10) to base 11
-2
-52 (base 14) to base 10
-72
-11001 (base 3) to base 4
-1231
Convert 0 (base 14) to base 3.
0
What is -2 (base 5) in base 15?
-2
Convert -1 (base 16) to base 7.
-1
Convert 11100 (base 3) to base 6.
313
What is a (base 16) in base 4?
22
Convert 5 (base 13) to base 6.
5
-13 (base 7) to base 9
-11
Convert -1 (base 3) to base 7.
-1
12 (base 6) to base 11
8
What is 1 (base 16) in base 7?
1
Convert -11 (base 5) to base 4.
-12
12 (base 13) to base 7
21
-32 (base 9) to base 8
-35
Convert -120 (base 7) to base 12.
-53
Convert -2 (base 6) to base 2.
-10
-8 (base 12) to base 8
-10
What is 14 (base 5) in base 6?
13
Convert 12 (base 6) to base 13.
8
Convert -22 (base 6) to base 3.
-112
What is 0 (base 4) in base 5?
0
-227 (base 8) to base 12
-107
-3 (base 6) to base 11
-3
Convert -9 (base 13) to base 4.
-21
What is 16 (base 11) in base 5?
32
Convert -42 (base 10) to base 9.
-46
What is 212 (base 4) in base 6?
102
Convert -7 (base 15) to base 7.
-10
7 (base 9) to base 3
21
Convert -4 (base 6) to base 7.
-4
What is 1101 (base 2) in base 3?
111
Convert 143 (base 9) to base 14.
88
10001 (base 2) to base 5
32
-1334 (base 5) to base 16
-db
What is 101 (base 2) in base 11?
5
Convert -345 (base 6) to base 14.
-9b
What is 3a (base 11) in base 5?
133
What is 5 (base 11) in base 13?
5
Convert 12 (base 10) to base 7.
15
What is 36 (base 16) in base 10?
54
What is 11 (base 10) in base 16?
b
Convert -ec (base 15) to base 6.
-1010
Convert 44 (base 8) to base 4.
210
What is -87 (base 9) in base 11?
-72
What is -86 (base 13) in base 10?
-110
4 (base 8) to base 7
4
-32 (base 4) to base 7
-20
What is 4 (base 10) in base 4?
10
Convert 10000 (base 2) to base 5.
31
What is -22 (base 4) in base 14?
-a
What is 48 (base 14) in base 9?
71
Convert 11 (base 4) to base 9.
5
Convert 32 (base 4) to base 15.
e
-6 (base 7) to base 16
-6
What is 7 (base 10) in base 12?
7
37 (base 10) to base 12
31
1 (base 9) to base 13
1
Convert 0 (base 3) to base 13.
0
What is 5 (base 7) in base 9?
5
6 (base 12) to base 2
110
What is 21 (base 6) in base 12?
11
Convert 101010111 (base 2) to base 11.
292
Convert -243 (base 6) to base 5.
-344
-16 (base 12) to base 13
-15
What is 0 (base 4) in base 11?
0
Convert -401 (base 5) to base 12.
-85
22 (base 10) to base 7
31
Convert -45 (base 7) to base 2.
-100001
-1 (base 5) to base 9
-1
-2 (base 7) to base 12
-2
What is -20 (base 14) in base 12?
-24
Convert -353 (base 6) to base 4.
-2031
Convert 68 (base 12) to base 10.
80
What is 1 (base 6) in base 12?
1
0 (base 4) to base 6
0
-420 (base 6) to base 3
-12210
What is 2 (base 4) in base 11?
2
What is -17 (base 8) in base 13?
-12
Convert -2 (base 5) to base 10.
-2
What is 2c (base 13) in base 12?
32
Convert -1110 (base 2) to base 9.
-15
Convert -14 (base 16) to base 3.
-202
0 (base 2) to base 6
0
Convert 2 (base 12) to base 14.
2
Convert 0 (base 4) to base 2.
0
Convert -111 (base 4) to base 10.
-21
-3 (base 14) to base 5
-3
-7 (base 10) to base 9
-7
Convert -42 (base 8) to base 15.
-24
Convert -58 (base 9) to base 14.
-3b
What is -1